t is the hundred thousands digit of 27536677?
5
What is the units digit of 6204683?
3
What is the ten millions digit of 193292008?
9
What is the millions digit of 36281332?
6
What is the ten thousands digit of 68073563?
7
What is the millions digit of 28406777?
8
What is the millions digit of 11982423?
1
What is the units digit of 199937048?
8
What is the thousands digit of 29836872?
6
What is the thousands digit of 964190356?
0
What is the tens digit of 736773833?
3
What is the thousands digit of 359641641?
1
What is the hundred thousands digit of 9134155733?
1
What is the tens digit of 559478428?
2
What is the tens digit of 203509000?
0
What is the hundreds digit of 48628371?
3
What is the units digit of 282616626?
6
What is the thousands digit of 316497181?
7
What is the ten thousands digit of 229559065?
5
What is the hundred millions digit of 6871841155?
8
What is the ten millions digit of 25771140?
2
What is the tens digit of 16985884?
8
What is the hundred thousands digit of 10042152?
0
What is the thousands digit of 911752211?
2
What is the millions digit of 4320451776?
0
What is the ten thousands digit of 2493680402?
8
What is the millions digit of 3325012759?
5
What is the ten millions digit of 240617031?
4
What is the ten millions digit of 2327973152?
2
What is the thousands digit of 299647666?
7
What is the millions digit of 5352999829?
2
What is the hundreds digit of 57299288?
2
What is the units digit of 4235576007?
7
What is the ten thousands digit of 17211579?
1
What is the hundred millions digit of 179448463?
1
What is the hundreds digit of 1720978?
9
What is the tens digit of 7411888?
8
What is the tens digit of 39216703?
0
What is the hundred millions digit of 3405817295?
4
What is the millions digit of 220352630?
0
What is the units digit of 105934091?
1
What is the units digit of 30988843?
3
What is the hundred millions digit of 128587792?
1
What is the ten millions digit of 54337904?
5
What is the thousands digit of 4880620088?
0
What is the hundred thousands digit of 23220110?
2
What is the hundred millions digit of 6866716624?
8
What is the tens digit of 1174423398?
9
What is the ten thousands digit of 3234248576?
4
What is the hundred millions digit of 1873393758?
8
What is the hundred millions digit of 484161916?
4
What is the ten millions digit of 178391964?
7
What is the ten thousands digit of 536491186?
9
What is the thousands digit of 3607501180?
1
What is the tens digit of 3278739451?
5
What is the ten millions digit of 180896429?
8
What is the hundred millions digit of 1404748596?
4
What is the ten millions digit of 86170339?
8
What is the ten millions digit of 28749981?
2
What is the tens digit of 529115950?
5
What is the hundred millions digit of 164269064?
1
What is the ten thousands digit of 13647991?
4
What is the tens digit of 2332381912?
1
What is the millions digit of 80823740?
0
What is the millions digit of 413890638?
3
What is the ten millions digit of 41777923?
4
What is the hundreds digit of 122967704?
7
What is the hundred millions digit of 5967567126?
9
What is the ten thousands digit of 2007262599?
6
What is the thousands digit of 16333609?
3
What is the hundreds digit of 2612617138?
1
What is the hundred millions digit of 324706175?
3
What is the tens digit of 355811907?
0
What is the hundreds digit of 535223902?
9
What is the ten millions digit of 894721070?
9
What is the hundreds digit of 129630212?
2
What is the ten millions digit of 2687257132?
8
What is the ten millions digit of 55168775?
5
What is the thousands digit of 1818894864?
4
What is the units digit of 51954968?
8
What is the hundreds digit of 6324241531?
5
What is the millions digit of 41267476?
1
What is the units digit of 7629890051?
1
What is the millions digit of 44560891?
4
What is the units digit of 930602594?
4
What is the millions digit of 336703912?
6
What is the units digit of 238668992?
2
What is the ten thousands digit of 19166413?
6
What is the hundred thousands digit of 4614718876?
7
What is the millions digit of 1060774292?
0
What is the ten thousands digit of 46650314?
5
What is the ten thousands digit of 72847500?
4
What is the hundred thousands digit of 113691963?
6
What is the hundreds digit of 27924496?
4
What is the hundred millions digit of 640729617?
6
What is the thousands digit of 1797584225?
4
What is the ten thousands digit of 215470230?
7
What is the ten thousands digit of 2538730540?
3
What is the millions digit of 138763053?
8
What is the ten millions digit of 135150027?
3
What is the millions digit of 19387208?
9
What is the tens digit of 7961623306?
0
What is the ten thousands digit of 942137675?
3
What is the units digit of 44553478?
8
What is the ten thousands digit of 25645194?
4
What is the millions digit of 8145400287?
5
What is the tens digit of 78760084?
8
What is the tens digit of 350186714?
1
What is the hundred millions digit of 940528900?
9
What is the thousands digit of 2858000912?
0
What is the hundreds digit of 97017014?
0
What is the units digit of 2780477087?
7
What is the ten thousands digit of 209364733?
6
What is the units digit of 145167722?
2
What is the tens digit of 1888274451?
5
What is the ten millions digit of 216662099?
1
What is the tens digit of 344195073?
7
What is the ten millions digit of 18053798?
1
What is the units digit of 650195120?
0
What is the hundred thousands digit of 6698739290?
7
What is the thousands digit of 1192831690?
1
What is the billions digit of 2110755497?
2
What is the hundred thousands digit of 66459335?
4
What is the hundred thousands digit of 275830196?
8
What is the billions digit of 3211063173?
3
What is the thousands digit of 1637861197?
1
What is the hundred thousands digit of 2381680564?
6
What is the hundred thousands digit of 108432701?
4
What is the thousands digit of 168403751?
3
What is the ten thousands digit of 3106071826?
7
What is the thousands digit of 48932878?
2
What is the units digit of 46347813?
3
What is the tens digit of 2445654559?
5
What is the hundred thousands digit of 89892897?
8
What is the hundreds digit of 134771832?
8
What is the thousands digit of 334505135?
5
What is the ten thousands digit of 2720024144?
2
What is the tens digit of 231347260?
6
What is the units digit of 892925701?
1
What is the units digit of 64404150?
0
What is the millions digit of 326020189?
6
What is the hundred thousands digit of 58644605?
6
What is the hundred thousands digit of 6979738?
9
What is the tens digit of 157331124?
2
What is the thousands digit of 275056170?
6
What is the billions digit of 2680948076?
2
What is the millions digit of 1484549149?
4
What is the thousands digit of 236306732?
6
What is the millions digit of 103374151?
3
What is the tens digit of 47903839?
3
What is the thousands digit of 327184442?
4
What is the thousands digit of 6287134?
7
What is the tens digit of 92971664?
6
What is the units digit of 481603969?
9
What is the hundred millions digit of 703920165?
7
What is the ten millions digit of 2963044792?
6
What is the units digit of 147963211?
1
What is the ten thousands digit of 48908253?
0
What is the ten millions digit of 68570416?
6
What is the hundreds digit of 1543057181?
1
What is the hundred thousands digit of 51345251?
3
What is the hundred millions digit of 314190512?
3
What is the hundred millions digit of 257478135?
2
What is the hundred millions digit of 231022733?
2
What is the billions digit of 3960707749?
3
What is the ten thousands digit of 90744772?
4
What is the hundred thousands digit of 199450819?
4
What is the millions digit of 3575697473?
5
What is the tens digit of 679684262?
6
What is the units digit of 266043764?
4
What is the millions digit of 1720827694?
0
What is the hundred millions digit of 660042298?
6
What is the units digit of 243787705?
5
What is the units digit of 18801518?
8
What is the units digit of 668358241?
1
What is the thousands digit of 61695239?
5
What is the tens digit of 27740201?
0
What is the hundred millions digit of 399095058?
3
What is the tens digit of 69005468?
6
What is the hundred millions digit of 231568488?
2
What is the ten millions digit of 474803880?
7
What is the thousands digit of 33036874?
6
What is the tens digit of 196926540?
4
What is